osite?
False
Suppose -3 = 3*u + 3. Let w = u + 17. Is w a composite number?
True
Let g(c) = 8*c + 1. Let b be g(-5). Let x = 244 + b. Let w = 362 - x. Is w composite?
False
Let g(u) = u**2 - 5*u + 3. Let s be g(-5). Let b = -32 + s. Suppose 5*m = 4*m + b. Is m composite?
True
Let g(t) = -11*t**2 + 2. Let m be g(-3). Let c = m + 144. Is c composite?
False
Let a = 1 - -2. Suppose 52 = 7*j - a*j. Is j prime?
True
Is (1 - 0/1) + 10*136 a prime number?
True
Let d be (-1836)/(-8) + (-1)/2. Suppose 9 + 6 = 5*h. Suppose -w + 2*w = 5*o + 69, -h*w = -4*o - d. Is w prime?
True
Let i(p) be the first derivative of 2*p**3/3 - 5*p**2/2 - 2*p + 1. Let b = 30 - 26. Is i(b) composite?
True
Suppose -3*i - b - 77 = -17, -3*i - 72 = -3*b. Is (-720)/i + (-4)/14 a composite number?
True
Suppose 2*s + 0*s - 838 = 0. Is s a prime number?
True
Is 14553/44 - (-1)/4 a composite number?
False
Suppose 4*s = -2*v + 56, -2*s + 35 = -4*v - 13. Suppose -6*m + 2*m - s = 0. Is (166/m)/((-2)/4) a composite number?
False
Suppose -2 - 1 = -t. Let x(l) = -3*l - t*l**2 + 5*l + 84*l**3 + l**2 - 1. Is x(1) prime?
True
Let n = -72 - -175. Is n prime?
True
Let x = 77 - 3077. Is 1/(-2) - x/16 composite?
True
Let r(b) = -2*b**2 - b + 10. Let z be r(-4). Is (-4)/z - 4437/(-81) a prime number?
False
Let m(t) = -22*t + 9. Suppose 2*q = -6, 0 = 4*g - 5*g - 5*q - 22. Is m(g) a prime number?
True
Suppose -4*r + 2*r + 502 = 0. Is r a prime number?
True
Is (130/40)/(3/708) a composite number?
True
Suppose 4*b = -12, s - 3*b - 34 - 242 = 0. Is s a composite number?
True
Let q = 89 - 34. Let k = q - -76. Is k a prime number?
True
Let c(y) = 2*y - 2. Let b be c(2). Suppose -3*a = j - 9, 3*a = b*a + 2*j + 3. Is (-2 + a)/(-1) - -15 a prime number?
False
Suppose -4*z - 56 = -8*z. Suppose 0 = 4*d - 7*d - 3, -3*m = 2*d - 55. Suppose -m - z = -3*v. Is v a composite number?
False
Let u(h) = 3*h**3 - h**2 + 5*h - 9. Is u(4) a composite number?
True
Suppose p - 189 = 3*w + w, 2*w + 81 = 5*p. Suppose -1 = -3*g - 4. Let v = g - w. Is v a composite number?
False
Suppose -10 = -5*q - 0*q. Suppose q = -l + 4. Suppose 2*y = l*m - 152, -383 = -5*m + 2*y - 0*y. Is m a prime number?
False
Let s(b) = -b**2 + 4. Let w be s(0). Suppose -26 = -5*n + w*n. Suppose 5*t = -11 + 1, t = -4*k + n. Is k prime?
True
Let k(s) = -s + 12. Let h be k(9). Let j be (0 + 2/(-3))*h. Is (j - -1)*1 - -40 a composite number?
True
Let z be -12 + -1 + 1 + 2. Let a(o) = -o**3 - 11*o**2 - 9*o + 13. Let r be a(z). Is 219 + -1 - 1*r prime?
False
Suppose p + 4 = -2*p - c, 2*p - 5*c = 20. Suppose p*y + y = 427. Is y a composite number?
True
Let b(m) = 10*m - 3. Let l be b(2). Let y(x) = 11*x + 26. Let w(t) = -4*t - 9. Let j(g) = l*w(g) + 6*y(g). Is j(-8) a composite number?
False
Suppose 6*h = 2*h. Suppose -2*v + h*v = -50. Is v prime?
False
Suppose 6*b - 3*b = 5*t - 189, -4*t = 3*b - 162. Suppose w = -0*z + z - 10, -2*z = 8. Let k = t + w. Is k a prime number?
False
Let n be 2/(-5) + (-12)/20. Let x = n - -2. Is 74*1*x/2 prime?
True
Let d(s) = -3*s**2 + s + 1. Let w(c) = -c**2 - c. Let h(m) = -d(m) + 4*w(m). Let x be h(-5). Let i(k) = -5*k**3 + k**2 + k + 1. Is i(x) prime?
False
Let r(l) = 4*l + 20. Let v be r(-6). Let o(g) = 5 - 7*g + 0 - 2. Is o(v) composite?
False
Let c = -13 + 24. Let k = c + -5. Suppose -5*z + 133 = 2*p, z - 162 = -3*p + k*z. Is p a prime number?
True
Suppose -6 = 3*w, -2*c + 4*c - 208 = w. Is c a prime number?
True
Let u be 159 + (1 - (0 - -1)). Let f be (-2)/(-4)*(-7 + 11). Suppose u = f*r + r. Is r a prime number?
True
Is 3/21 + (-54)/(-14) prime?
False
Suppose -b = 2*m - 7 - 0, -2*m - 5*b = -11. Suppose -m*f = -8*f - 1030. Let a = -79 - f. Is a a composite number?
False
Let q(v) = 2*v**2 + 5*v + 1. Is q(-8) a composite number?
False
Suppose 5*b + 0*b - 265 = 0. Is b prime?
True
Suppose -330 = -v + 314. Suppose 4*s - v = -0*s. Is s composite?
True
Let k be 4/(-6)*27/(-2). Suppose -k*u + 212 = -7*u. Is u composite?
True
Is ((-382)/6)/(3/(-9)) a composite number?
False
Let a(l) = 22*l - 35. Is a(21) a prime number?
False
Let j(g) = g**2 + g + 1. Let l(u) = -6*u**2 + 5*u + 3. Let i(c) = 4*j(c) - l(c). Suppose -5*z = -9*z + 16. Is i(z) prime?
True
Suppose 0 = 3*l - 4*g - 5579, 2*l - 5871 = 3*g - 2152. Is l a prime number?
True
Suppose 0 = 3*m - 333 + 789. Let l = -75 - m. Is l a composite number?
True
Suppose 0*n + 2*n = 12. Suppose n*g - 4*g - 52 = 0. Is g a composite number?
True
Is -194*(-2 + (-12)/8) a composite number?
True
Let l = -26 - -73. Let w = -22 + l. Is w a prime number?
False
Suppose 3*l - 4*j = 131, -2*l - 5 = -4*j - 87. Suppose 2*o + 4*a - 11 = 17, 3*a = -5*o + l. Let q(y) = y**2 - 6*y - 3. Is q(o) a composite number?
False
Is (4694/8 - 0) + (-12)/(-48) composite?
False
Suppose 2*p - 24441 = -5*f, 2*p = -f - 0*p + 4885. Is f composite?
False
Suppose -7*o - 68 = -537. Is o a composite number?
False
Let w(c) be the first derivative of c**3/3 + c**2/2 + 6*c + 1. Let k be (3/(-6))/((-2)/(-20)). Is w(k) a composite number?
True
Let s = -14 + 6. Let l = s + 11. Suppose 4*u - 75 - 142 = -l*j, 3*u - 164 = -j. Is u prime?
False
Let d(u) = -4*u**2 + 2*u - 13. Let t(o) = 5*o**2 - o + 13. Let s(a) = 4*d(a) + 3*t(a). Let j be s(9). Let h = 0 - j. Is h a composite number?
True
Suppose 8 = 4*g - 0*f - 3*f, -4*f - 13 = -3*g. Let o be (2 + -2 + 2)*g. Is ((-52)/(-16))/(o/(-8)) prime?
True
Let d(w) = -w + 2. Let h be d(2). Let s be 6*((-5 - h) + 1). Let u = s - -75. Is u a prime number?
False
Let d(o) = 57*o**2 - 2*o - 1. Let c be d(-2). Let j = c - 142. Is j composite?
False
Let y(n) = n**2 - 6*n. Let f be y(6). Is 21*((-123)/(-9) - f) prime?
False
Let g be (-17)/(-3) + 2/(-3). Suppose g*w = -0*o + 3*o + 470, 66 = w + 5*o. Is w composite?
True
Let w = 6 - 4. Let j = w - 4. Is (76/16)/(j/(-8)) a prime number?
True
Let j(t) = 40*t + 3. Let v(o) = 39*o + 4. Let d(z) = -4*j(z) + 5*v(z). Is d(7) prime?
False
Let k = 6 - 4. Suppose -4 = k*g, -g = 3*c - c + 20. Is -1 - (2 + c)*10 a composite number?
True
Let g(p) = -11*p**3 - 1. Let a = 2 - -1. Let q be (-3)/(-6 + a)*-1. Is g(q) a prime number?
False
Let u(n) = 2*n**2 + 5*n + 2. Let d be u(-3). Let y(a) be the third derivative of 5*a**4/12 - a**3/2 + 2*a**2. Is y(d) prime?
True
Suppose -3*x + 18 = -v, -15 = -3*v + 2*x - 41. Let p be v/15 - (-1007)/5. Suppose -p = -c - 2*c. Is c a prime number?
True
Is 382113/63 + 4/(-14) prime?
False
Suppose -2*h - 3*o - 1 = 0, 3*h - 3*o - 7 = 8*h. Let r = 0 - h. Suppose 0 = -r*q + 3*q - 51. Is q a composite number?
True
Let i = 335 + 71. Suppose -i = -5*u + 3*u. Is u prime?
False
Let l(h) = -h**3 - 7*h**2 + 6*h - 8. Let i be l(-8). Let n be 1*(-3)/(-3)*5. Is (1 + (i - -2))*n prime?
False
Let l(w) be the third derivative of -3*w**5/20 + w**4/24 + w**3/6 + 3*w**2. Let d be l(2). Is (-8)/(-44) + (-2931)/d prime?
True
Let y = 97 - -898. Is y composite?
True
Suppose -3*v - v - 2*l = -1408, -4*l - 370 = -v. Let m be (-3)/((-4)/(16/3)). Suppose -j = -3*n - 82 - 1, -m*j + v = -n. Is j a composite number?
False
Suppose -4*o = s - 2*s - 1379, -5*o + 1740 = 2*s. Let i be o/3*(3 - 6). Is 6/15 - i/10 composite?
True
Suppose 0 = -5*o - 4*j - 2 - 8, -o - 2*j = 8. Suppose -o*h - 3*h - 10 = 0. Is h/7 + 662/14 composite?
False
Suppose 3*r = -p - 561, -2*p - 20 = -4*r - 778. Is 9/6*r/(-6) prime?
True
Is (4 + (-298)/(-4))*4 composite?
True
Let h = 8 + 79. Is h a composite number?
True
Is ((-1)/2)/(10/(-7100)) a prime number?
False
Let j(o) = -o**3 + 2*o**2 + o - 1. Let q be j(2). Let c = q - -22. Is c prime?
True
Let g(r) = -2*r**3 + 8*r**2 - 2*r - 5. Let y be g(5). Let k = 24 - y. Is k prime?
True
Let p(q) = 2*q**2 - 10*q - 17. Is p(-6) composite?
True
Let b be (-2508)/7 + 2/7. Let y = -255 - b. Is y a prime number?
True
Let y be 1 + 1 + 0 + 7. Suppose 5*b - 29 = b + 5*l, 5*b - 20 = 3*l. Let t = y + b. Is t a composite number?
True
Let t = -412 + 1157. Is t a prime number?
False
Let u(d) = -d**3 + d**2 + 2*d + 217. Is u(0) prime?
False
Is (194/8)/(3/60) composite?
True
Suppose -4*c - 12 = 4*w + c, -5*c - 24 = -2*w. Suppose 0 = 4*j - w*t - 264 - 90, 5*j + 3*t = 448. Is j a prime number?
True
Suppose -237 = -0*u - u + 4*o, 3*u + 2*o = 641. Suppose 61 = m + 3*x - 16, 2*x - u = -3*m. Is m prime?
True
Let h(a) = 28*a**2 - 28*a**2 + a**3 + 65. Is h(0) a prime number?
Fal